{"id":4061,"date":"2024-10-10T23:08:29","date_gmt":"2024-10-10T23:08:29","guid":{"rendered":"https:\/\/toctocme.com\/product\/mode-simple-musulman-perles-de-priere-a-main\/"},"modified":"2024-10-11T20:40:31","modified_gmt":"2024-10-11T20:40:31","slug":"chapelet-musulman-en-bois-perles-de-priere-simples-et-elegantes","status":"publish","type":"product","link":"https:\/\/toctocme.com\/academy\/product\/chapelet-musulman-en-bois-perles-de-priere-simples-et-elegantes\/","title":{"rendered":"Chapelet Musulman en Bois \u2013 Perles de Pri\u00e8re Simples et \u00c9l\u00e9gantes"},"content":{"rendered":"<p>D\u00e9couvrez notre chapelet musulman en bois, con\u00e7u pour allier simplicit\u00e9 et \u00e9l\u00e9gance. Chaque perle de 8mm est soigneusement polie pour une finition lisse, offrant une prise agr\u00e9able lors de vos moments de pri\u00e8re. Avec son design g\u00e9om\u00e9trique minimaliste, ce chapelet est \u00e0 la fois pratique et styl\u00e9, id\u00e9al pour un usage quotidien ou comme accessoire spirituel \u00e0 emporter partout avec vous. Un choix parfait pour ceux qui recherchent des perles de pri\u00e8re de qualit\u00e9 dans un style intemporel.<\/p>\n<p><strong>Caract\u00e9ristiques principales :<\/strong><\/p>\n<ul>\n<li><strong>Mat\u00e9riau :<\/strong> Bois<\/li>\n<li><strong>Processus de traitement :<\/strong> Polissage<\/li>\n<li><strong>Taille des perles :<\/strong> 8mm<\/li>\n<li><strong>Forme :<\/strong> G\u00e9om\u00e9trique<\/li>\n<li><strong>\u00c9l\u00e9ments populaires :<\/strong> Perles<\/li>\n<\/ul>\n","protected":false},"excerpt":{"rendered":"<p>Chapelet musulman en bois avec perles g\u00e9om\u00e9triques de 8mm. Accessoire de pri\u00e8re \u00e9l\u00e9gant et intemporel, parfait pour un usage quotidien.<\/p>\n<p>&nbsp;<\/p>\n","protected":false},"featured_media":4051,"comment_status":"open","ping_status":"closed","template":"","meta":{"pmpro_default_level":""},"product_brand":[],"product_cat":[82],"product_tag":[],"class_list":{"0":"post-4061","1":"product","2":"type-product","3":"status-publish","4":"has-post-thumbnail","6":"product_cat-produits-du-quotidien","7":"pmpro-has-access","9":"first","10":"instock","11":"taxable","12":"shipping-taxable","13":"purchasable","14":"product-type-variable"},"etheme_brands":{"errors":{"invalid_taxonomy":["Taxonomie non valide."]},"error_data":[]},"_links":{"self":[{"href":"https:\/\/toctocme.com\/academy\/wp-json\/wp\/v2\/product\/4061","targetHints":{"allow":["GET"]}}],"collection":[{"href":"https:\/\/toctocme.com\/academy\/wp-json\/wp\/v2\/product"}],"about":[{"href":"https:\/\/toctocme.com\/academy\/wp-json\/wp\/v2\/types\/product"}],"replies":[{"embeddable":true,"href":"https:\/\/toctocme.com\/academy\/wp-json\/wp\/v2\/comments?post=4061"}],"version-history":[{"count":0,"href":"https:\/\/toctocme.com\/academy\/wp-json\/wp\/v2\/product\/4061\/revisions"}],"wp:featuredmedia":[{"embeddable":true,"href":"https:\/\/toctocme.com\/academy\/wp-json\/wp\/v2\/media\/4051"}],"wp:attachment":[{"href":"https:\/\/toctocme.com\/academy\/wp-json\/wp\/v2\/media?parent=4061"}],"wp:term":[{"taxonomy":"product_brand","embeddable":true,"href":"https:\/\/toctocme.com\/academy\/wp-json\/wp\/v2\/product_brand?post=4061"},{"taxonomy":"product_cat","embeddable":true,"href":"https:\/\/toctocme.com\/academy\/wp-json\/wp\/v2\/product_cat?post=4061"},{"taxonomy":"product_tag","embeddable":true,"href":"https:\/\/toctocme.com\/academy\/wp-json\/wp\/v2\/product_tag?post=4061"}],"curies":[{"name":"wp","href":"https:\/\/api.w.org\/{rel}","templated":true}]}}